a multiple of 233?
True
Is 31558 a multiple of 264?
False
Is 15 a factor of 358620?
True
Does 802 divide 994480?
True
Is 67536 a multiple of 469?
True
Is 257190 a multiple of 6?
True
Is 1382796 a multiple of 71?
True
Is 136 a factor of 206765?
False
Is 840816 a multiple of 203?
False
Does 355 divide 501463?
False
Is 13 a factor of 3547739?
True
Is 109 a factor of 3442246?
False
Does 127 divide 1332992?
True
Does 5 divide 539680?
True
Is 24523717 a multiple of 43?
True
Is 29294 a multiple of 11?
False
Is 10444 a multiple of 14?
True
Is 283 a factor of 70252?
False
Is 27 a factor of 1779381?
True
Does 114 divide 7255?
False
Is 544523 a multiple of 2?
False
Does 685 divide 20285918?
False
Is 12 a factor of 8196?
True
Does 63 divide 1119951?
True
Is 123 a factor of 6707082?
False
Is 78 a factor of 2139150?
True
Does 128 divide 1270506?
False
Is 662310 a multiple of 33?
True
Does 23 divide 9768?
False
Does 108 divide 2638861?
False
Does 413 divide 2481073?
False
Does 41 divide 4672?
False
Is 47 a factor of 125540?
False
Does 669 divide 249537?
True
Does 39 divide 167147?
False
Is 9 a factor of 99909?
True
Does 10 divide 104470?
True
Is 3 a factor of 37657?
False
Is 693863 a multiple of 1031?
True
Does 4 divide 34200?
True
Is 3315940 a multiple of 20?
True
Is 87885 a multiple of 81?
True
Is 64 a factor of 112594?
False
Does 155 divide 41524?
False
Does 4 divide 117282?
False
Is 8 a factor of 69643?
False
Does 12 divide 43630?
False
Is 33 a factor of 61063?
False
Is 776887 a multiple of 43?
False
Is 16 a factor of 117327?
False
Is 342 a factor of 159372?
True
Is 90 a factor of 314280?
True
Is 6828956 a multiple of 4?
True
Does 395 divide 718110?
True
Is 49 a factor of 283450?
False
Does 46 divide 4117?
False
Does 17 divide 289097?
False
Is 333336 a multiple of 68?
True
Is 21727 a multiple of 44?
False
Is 22 a factor of 109501?
False
Does 877 divide 4464807?
True
Does 262 divide 2380?
False
Is 7 a factor of 4990930?
True
Is 176 a factor of 1027488?
True
Is 627925 a multiple of 29?
False
Is 233466 a multiple of 42?
False
Is 51 a factor of 3080808?
True
Does 23 divide 129185?
False
Is 120590 a multiple of 66?
False
Is 1663938 a multiple of 201?
False
Is 27 a factor of 3202848?
True
Is 538671 a multiple of 37?
False
Does 366 divide 1144482?
True
Is 834973 a multiple of 26?
False
Does 22 divide 89645?
False
Does 33 divide 498531?
True
Is 598825 a multiple of 432?
False
Does 434 divide 21286?
False
Does 3 divide 1636?
False
Is 7969920 a multiple of 84?
True
Does 293 divide 25784?
True
Is 3 a factor of 1286116?
False
Is 208 a factor of 48880?
True
Is 223 a factor of 198082?
False
Does 30 divide 7903664?
False
Is 540 a factor of 985500?
True
Does 512 divide 4513280?
True
Is 142 a factor of 59498?
True
Is 2684507 a multiple of 8?
False
Is 114 a factor of 441408?
True
Does 1065 divide 10504095?
True
Is 175114 a multiple of 164?
False
Is 3974847 a multiple of 156?
False
Does 16 divide 2455670?
False
Is 83636 a multiple of 29?
True
Does 39 divide 8275228?
False
Does 21 divide 5542572?
True
Does 16 divide 1707?
False
Is 349401 a multiple of 31?
True
Is 261571 a multiple of 22?
False
Is 2992651 a multiple of 67?
False
Is 18 a factor of 98789?
False
Is 90378 a multiple of 18?
True
Is 275 a factor of 1878865?
False
Does 31 divide 122047?
True
Does 39 divide 8145409?
False
Does 18 divide 12748891?
False
Does 47 divide 500738?
True
Is 85064 a multiple of 3?
False
Is 1433957 a multiple of 158?
False
Is 5 a factor of 806284?
False
Is 13 a factor of 1632285?
False
Does 159 divide 762246?
True
Does 3 divide 543327?
True
Is 11162426 a multiple of 23?
False
Is 52 a factor of 64675?
False
Does 60 divide 47400?
True
Is 36 a factor of 361671?
False
Does 44 divide 42199?
False
Does 241 divide 354102?
False
Is 6188069 a multiple of 5?
False
Is 9117936 a multiple of 1104?
True
Is 9 a factor of 548415?
True
Does 411 divide 71423?
False
Is 1020954 a multiple of 157?
False
Is 36 a factor of 515294?
False
Is 119 a factor of 124593?
True
Does 183 divide 5245146?
True
Does 223 divide 3451817?
True
Does 25 divide 18295?
False
Is 61138 a multiple of 16?
False
Does 15 divide 3868448?
False
Is 374661 a multiple of 4?
False
Is 42770 a multiple of 47?
True
Is 19 a factor of 78645?
False
Is 94 a factor of 727690?
False
Does 11 divide 575509?
True
Is 462 a factor of 188496?
True
Is 1284504 a multiple of 299?
True
Is 7645411 a multiple of 86?
False
Does 489 divide 37653?
True
Does 21 divide 97973?
False
Is 90 a factor of 483311?
False
Is 3 a factor of 98983?
False
Is 139 a factor of 102206?
False
Is 14 a factor of 120008?
True
Does 4 divide 55976?
True
Is 435669 a multiple of 39?
True
Is 3672525 a multiple of 53?
False
Is 47 a factor of 915090?
True
Does 10 divide 5025041?
False
Is 2529639 a multiple of 1322?
False
Does 12 divide 13798498?
False
Is 2262 a multiple of 2?
True
Does 22 divide 115808?
True
Is 100 a factor of 25669?
False
Is 1376 a factor of 5470976?
True
Is 5 a factor of 936977?
False
Is 307 a factor of 3276918?
True
Does 167 divide 38243?
True
Does 8 divide 7754928?
True
Is 8180086 a multiple of 446?
True
Is 154 a factor of 6361124?
True
Does 121 divide 1242033?
False
Is 77 a factor of 193809?
True
Is 423 a factor of 1295226?
True
Is 9147 a multiple of 3?
True
Is 238949 even?
False
Does 10 divide 617815?
False
Is 94 a factor of 2114436?
True
Does 98 divide 62322?
False
Is 83363 a multiple of 13?
False
Is 9669960 a multiple of 120?
True
Is 370 a factor of 117660?
True
Does 4 divide 274901?
False
Is 272140 a multiple of 20?
True
Is 42 a factor of 41568?
False
Is 1658522 a multiple of 8?
False
Does 208 divide 182382?
False
Is 710478 a multiple of 9?
True
Is 112790 a multiple of 4?
False
Is 1177519 a multiple of 265?
False
Is 28 a factor of 983614?
False
Does 63 divide 145782?
True
Does 27 divide 3448710?
True
Is 1272171 a multiple of 78?
False
Is 300 a factor of 739200?
True
Is 87 a factor of 518278?
False
Is 37 a factor of 1135826?
True
Is 24 a factor of 196992?
True
Is 256 a factor of 4233977?
False
Is 4632628 a multiple of 1859?
True
Does 480 divide 694363?
False
Is 108 a factor of 602748?
True
Is 687148 a multiple of 308?
True
Does 335 divide 3320347?
False
Is 38 a factor of 52098?
True
Is 28 a factor of 12626684?
True
Does 31 divide 467666?
True
Does 39 divide 916942?
False
Is 23 a factor of 13938?
True
Does 276 divide 25668?
True
Is 19 a factor of 10387724?
False
Is 104526 a multiple of 54?
False
Is 450 a factor of 3249000?
True
Is 19 a factor of 7984180?
True
Is 3 a factor of 2136035?
False
Is 530 a factor of 7714150?
True
Is 9469880 a multiple of 10?
True
Does 17 divide 2888997?
True
Is 5735334 a multiple of 2211?
True
Does 8 divide 52231?
False
Does 28 divide 197736?
True
Is 523278 a multiple of 63?
True
Is 18 a factor of 5332974?
False
Is 99 a factor of 5529843?
True
Is 2865311 a multiple of 317?
False
Is 20 a factor of 435757?
False
Does 240 divide 87360?
True
Does 2026 divide 593618?
True
Is 852931 a multiple of 213?
False
Does 35 divide 845050?
False
Is 83734 a multiple of 8?
False
Is 78577 a multiple of 5?
False
Is 25650 a multiple of 90?
True
Is 241766 a multiple of 49?
True
Is 495318 a multiple of 459?
False
Is 130426 a multiple of 89?
False
Does 104 divide 550?
False
Does 70 divide 77235?
False
Is 2 a factor of 144331?
False
Does 21 divide 173002?
False
Is 1143751 a multiple of 550?
False
Does 26 divide 75063?
False
Is 51994 a multiple of 66?
False
Is 3856996 a multiple of 613?
True
Is 391 a factor of 49898?
False
Does 58 divide 115536?
True
Is 681553 a multiple of 679?
False
Is 34576 a multiple of 15?
False
Does 22 divide 73293?
False
Does 13 divide 2081000?
False
Is 722520 a multiple of 5?
True
Does 67 divide 840716?
True
Is 137 a factor of 146179?
True
Is 153 a factor of 1697688?
True
Is 773 a factor of 828656?
True
Is 48 a factor of 328165?
False
Does 13 divide 762502?
True
Is 3724937 a multiple of 54?
False
Is 54 a factor of 587088?
True
Is 2552088 a multiple of 88?
True
Does 206 divide 177153?
False
Does 63 divide 945453?
False
Is 105 a factor of 3044730?
False
Does 66 divide 3948874?
False
Is 144 a factor of 1174482?
False
Is 188 a factor of 6286532?
True
Is 1985440 a multiple of 2904?
False
Does 209 divide 287414?
False
Is 585 a factor of 5777460?
True
D